p be f(-6). Suppose 0 = 4*w + w - p. Suppose w*r = 2*a - 263, 3*r + 381 = -3*a + 6*a. Calculate the remainder when a is divided by 42.
40
What is the remainder when 113 is divided by (-18)/(-6) + 7/((-42)/(-480))?
30
Let v be (-5 + 0)*(-5 - -200)/(-5). Let k = -166 + v. Calculate the remainder when k is divided by 2.
1
Let l(p) = 97*p - 6. Suppose 251 + 157 = 9*n + 120. Calculate the remainder when l(5) is divided by n.
31
Let g = -158 - -94. Let z = g - -113. Suppose 44*w + 290 = z*w. Calculate the remainder when w is divided by 20.
18
Let n(w) = 55*w + 2181. Calculate the remainder when n(-20) is divided by 234.
145
Suppose 0 = -v - 34*c + 29*c - 404, 3*v = 3*c - 1230. Let k = 416 + v. Calculate the remainder when 11 is divided by k.
4
Suppose 3*o - 3*h + 21 = 0, 3*h - 25 + 10 = 0. Calculate the remainder when (-33)/((o - -2) + -1) - 0 is divided by 17.
16
Suppose 5*k - 20 = 162*l - 167*l, -l = 1. Calculate the remainder when 194 is divided by k.
4
Suppose 3*g + b = 11 - 5, 3*b = 2*g + 7. Let a(k) = -3*k. Calculate the remainder when a(-4) is divided by g.
0
Let i = 3139 + -3124. Calculate the remainder when 3688 is divided by i.
13
Let y = -511 - -801. What is the remainder when y is divided by 191?
99
Suppose 4*w = -4*t + 1392, -170*t + 175*t = 2*w + 1677. What is the remainder when t is divided by 245?
94
Let q = 1 + 36. Calculate the remainder when (-9 - -1)/(0 - -2) + 63 is divided by q.
22
Suppose 0 = -r - b + 55, -4*b + 30 = 2*r - 84. Let s = 12608 + -12452. What is the remainder when s is divided by r?
50
Let j(v) = -13*v**2 + 1. Let z be j(1). Let y(r) = -10*r - 67. What is the remainder when y(z) is divided by 9?
8
Let r = 23042 + -22991. What is the remainder when (-2)/((-2)/115) + -2 is divided by r?
11
Let s(l) = 3 - 14 - 286*l + 2*l**2 + 297*l. Calculate the remainder when 36 is divided by s(-7).
6
Suppose -847 = -0*g - 5*g + h, -2*g = 3*h - 332. Suppose -9 = g*o - 172*o. Calculate the remainder when 16 is divided by o.
1
Let q = -353 - -357. Suppose f - q*r + 8*r - 395 = 0, f - r = 420. What is the remainder when f is divided by 26?
25
Let m = 549 - 527. Suppose -m*t = -t - 1764. Let s(i) = -i**3 + 8*i**2 - 6*i - 7. Calculate the remainder when t is divided by s(6).
26
Suppose 64*a = 21477 - 7764 + 14319. What is the remainder when a is divided by 145?
3
Let f = -9021 + 10230. Calculate the remainder when f is divided by 64.
57
Let j = -4 - -7. Let s(v) = v**2 - 51*v + 281. Let u be s(6). Suppose -j*b + 13 = -u. Calculate the remainder when 46 is divided by b.
6
Let h = -3063 + 3572. Calculate the remainder when 1018 is divided by h.
0
Let i(f) = f**3 + 5*f**2 + 12*f + 2. Let p be i(-7). Let h = p - -225. What is the remainder when 177 is divided by h?
42
Let g(f) = 41 + 27*f - 13 - 26*f. What is the remainder when g(22) is divided by 4?
2
Let l = -38144 - -38305. Calculate the remainder when 2105 is divided by l.
12
Let k be (-126)/27*(-9)/2. Suppose 2*z - i - k = 0, -4*z + 2 = -5*i - 31. Calculate the remainder when 32 is divided by z.
8
Let m(g) = 125*g**3 + 141*g**2 - 104*g - 36. Let h = 76 - 20. Calculate the remainder when m(1) is divided by h.
14
Suppose 15*j + 20 = 11*j. What is the remainder when 169 is divided by 10*j*21/(-30)?
29
Let q(y) = y**3 + 49*y**2 - 107*y - 39. What is the remainder when q(-51) is divided by 15?
6
Suppose 530*k = 527*k - 9, -105 = -p - 5*k. Calculate the remainder when 213 is divided by p.
93
Let f = 2620 + -2430. Calculate the remainder when 1331 is divided by f.
1
Calculate the remainder when 61 is divided by (-6)/24*(-100)/5 + 26.
30
Let w be 4/(3/12 + (-5)/(-60)). Suppose -2*s = w*s - 1232. Calculate the remainder when s is divided by 18.
16
Let c = 3 - -5. Suppose 301*h = 351*h - 1350. Calculate the remainder when h is divided by c.
3
Let o(u) = -8*u + 350. Let r(f) = -f**3 - 2*f**2 - 5*f + 5. Let i be r(-6). Let z = -111 + i. Calculate the remainder when z is divided by o(42).
12
Suppose -z + 4*w = -219, 0 = 95*z - 91*z + 5*w - 855. Calculate the remainder when 415 is divided by z.
200
Suppose -b - 14*b + 705 + 1005 = 0. Calculate the remainder when b is divided by 3.
0
Suppose 13*t - 26 - 13 = 0. Let i = -10 + 17. Suppose -3*v + 2*p + 27 = 0, i = t*v + 3*p - 5. Calculate the remainder when 30 is divided by v.
2
Calculate the remainder when 631 is divided by (9/(-99)*11)/(1/(-212)).
207
Suppose 8*x = -3*i + 3*x + 174, 68 = i + 5*x. Suppose 0 = -4*y - i + 149. What is the remainder when 54 is divided by y?
6
Suppose 5*w = -r - 3*r + 322, 72 = w - 3*r. Let f(q) = -q**3 - 70*q**2 + 221*q + 185. What is the remainder when w is divided by f(-73)?
27
Let x(b) = 3*b**2 - 6*b - 3. Let f = 16 + -22. Let j(m) = -5*m**3 + 294*m**2 + 59*m + 48. What is the remainder when x(f) is divided by j(59)?
45
Let t = -1413 - -3099. Calculate the remainder when t is divided by 18.
12
Suppose 0 = 7*z - 3*m - 14462, -3*z - 3*m + 5*m = -6198. Calculate the remainder when z is divided by 11.
9
Suppose 5*t = -3*y + 10034, -2*y + 721*t = 725*t - 6688. Calculate the remainder when y is divided by 50.
48
Let n = -148 + 148. Suppose -s + 171 = -9*f + 10*f, -2*s + f + 357 = n. Calculate the remainder when s is divided by 1 + (0 - -1) + 43.
41
Let r(b) = -b**3 - 19*b**2 - b + 56. Calculate the remainder when r(0) is divided by 17.
5
Suppose 0 = -53*i + 19*i - 34. Calculate the remainder when 295 is divided by 24*i/((-15)/5).
7
Let y = -5354 - -5477. What is the remainder when 252 is divided by y?
6
Suppose 15*r - 14*r - 2*s = 351, 3*r + 4*s - 1063 = 0. Calculate the remainder when r is divided by 99.
56
Suppose 18*c + 7500 = 23*c - 4*n, -4*c + 5*n = -5991. What is the remainder when c is divided by 35?
34
Let k = 62 + -59. Suppose 0 = -k*n - 2*n + 3*p + 281, 5*p - 247 = -4*n. What is the remainder when n is divided by 7?
2
Suppose c - 2*r = 4839, 4*r - 47 = -75. Calculate the remainder when c is divided by 9.
1
Let p = -6465 + 6500. What is the remainder when 697 is divided by p?
32
Suppose -m - 3 = 0, -4*n = -23*m + 19*m - 352. Calculate the remainder when 449 is divided by n.
24
Let p(f) = 1 + 9*f**3 - 10*f**3 - 13*f + 137*f**2 - 130*f**2 + 11. Calculate the remainder when p(4) is divided by 2/(6/(-10) - -1).
3
Let o = 145 + -105. What is the remainder when o is divided by (-1 - -4) + 16/2?
7
Suppose 0 = -177*a + 183*a - 6. What is the remainder when (2 + 2)*a - -129 is divided by 17?
14
Let c(v) = -v**2 + 16*v - 35. Let x be c(13). Calculate the remainder when 465 is divided by 10/x*(-780)/(-50).
36
What is the remainder when (-18686660)/(-17380) + 2*2/(-22) is divided by 120?
115
Suppose 164*g - 304*g = -840. Let u = 2 + -1. Calculate the remainder when -1 - u - -8*5 is divided by g.
2
Let o(a) = a**3 - 4*a**2 - a + 14. Let b be o(4). Suppose b = -r + 28. Calculate the remainder when 431 is divided by r.
17
Let b = 132 - 122. Let r be (-387)/24 - 2*(-2)/32. Let z = -1 - r. What is the remainder when z is divided by b?
5
Let i = 8399 - 8188. What is the remainder when 672 is divided by i?
39
Let f(q) = -q**3 + 8*q**2 + 35*q - 187. Let i be f(8). Suppose 0 = b - 29 - 28. Let g = i - b. Calculate the remainder when g is divided by 14.
8
Let p(f) = 3*f - 1 + 2*f**2 - 10*f + 11. Calculate the remainder when p(8) is divided by 43.
39
What is the remainder when 163 is divided by 1216/24 - 80/(-24)?
1
Suppose 5*i + 5*d - 8*d - 6 = 0, -2*d = -5*i + 9. Suppose i*r - 489 = -3*s + 4*r, r - 659 = -4*s. Calculate the remainder when s is divided by 21.
17
Suppose 4*c - 8*c + 128 = -2*y, -4*c = y - 134. Suppose -4*s = -139 - c. Calculate the remainder when 162 is divided by s.
33
Let l(p) = p**2 - p + 9. Let n = -133 + 687. Suppose -8*a + n = -222. What is the remainder when a is divided by l(-6)?
46
Suppose 155*f = 111*f + 34408. What is the remainder when f is divided by 56?
54
Suppose 0 = 8*o - o + 574. Let d = o - -88. Suppose 0 = 2*t + 2*l - 78, 0 = 4*t - d*t + 3*l + 88. Calculate the remainder when t is divided by 11.
8
Suppose 14*g = 15*g. Let b = g - -50. Let h = b + -47. What is the remainder when 9 is divided by h?
0
Let l(w) be the third derivative of -w**5/60 - 25*w**4/24 - 41*w**3/3 + 39*w**2 + w. What is the remainder when l(-6) is divided by 14?
4
Let x(y) = y**2 + 5*y + 8. Let g be x(-8). Suppose 8 = 8*f - g. 